e the highest common factor of 14 and 938.
14
Calculate the greatest common factor of 408 and 24.
24
Calculate the greatest common factor of 2 and 15.
1
Calculate the highest common divisor of 1250 and 10.
10
What is the greatest common factor of 10165 and 285?
95
What is the highest common factor of 1992 and 7636?
332
Calculate the greatest common divisor of 7 and 8.
1
What is the highest common factor of 15784 and 8?
8
What is the highest common divisor of 2893 and 44?
11
Calculate the greatest common divisor of 52 and 66.
2
Calculate the highest common divisor of 125 and 100.
25
Calculate the highest common factor of 33252 and 153.
51
Calculate the greatest common divisor of 406 and 14.
14
What is the greatest common divisor of 265 and 5?
5
Calculate the greatest common factor of 40 and 3248.
8
Calculate the highest common divisor of 28908 and 292.
292
Calculate the highest common factor of 375 and 2100.
75
What is the greatest common factor of 74 and 407?
37
What is the highest common factor of 2761 and 11?
11
What is the greatest common divisor of 390 and 4173?
39
Calculate the highest common divisor of 27 and 81.
27
Calculate the greatest common divisor of 3 and 114.
3
What is the greatest common divisor of 10 and 430?
10
What is the highest common factor of 19926 and 164?
82
Calculate the highest common factor of 52 and 806.
26
Calculate the greatest common factor of 28 and 4718.
14
What is the highest common divisor of 1328 and 83?
83
What is the greatest common factor of 18 and 198?
18
What is the greatest common factor of 4 and 2?
2
What is the greatest common factor of 300 and 195?
15
What is the greatest common divisor of 7 and 126?
7
What is the greatest common factor of 8 and 136?
8
What is the greatest common factor of 3225 and 258?
129
What is the greatest common divisor of 9492 and 84?
84
What is the highest common factor of 56716 and 44?
44
What is the highest common divisor of 48 and 3?
3
What is the highest common divisor of 16 and 1264?
16
Calculate the highest common factor of 43 and 688.
43
Calculate the highest common factor of 388 and 23765.
97
What is the greatest common factor of 23 and 20769?
23
Calculate the greatest common factor of 1197 and 133.
133
Calculate the highest common divisor of 961 and 31.
31
What is the highest common divisor of 1334 and 46?
46
What is the greatest common divisor of 12 and 164?
4
What is the greatest common divisor of 22 and 176?
22
Calculate the highest common divisor of 4797 and 78.
39
What is the greatest common divisor of 1725 and 25?
25
What is the greatest common factor of 8288 and 64?
32
Calculate the highest common factor of 2516 and 333.
37
Calculate the greatest common divisor of 45 and 150.
15
Calculate the greatest common factor of 54 and 1035.
9
Calculate the highest common divisor of 592 and 16.
16
Calculate the highest common divisor of 1890 and 175.
35
Calculate the greatest common divisor of 3380 and 20.
20
What is the highest common factor of 25 and 850?
25
What is the highest common divisor of 1280 and 120?
40
What is the greatest common divisor of 504 and 224?
56
Calculate the greatest common factor of 615 and 90.
15
Calculate the greatest common factor of 1168 and 16.
16
Calculate the greatest common divisor of 2 and 394.
2
What is the greatest common factor of 62 and 93?
31
What is the greatest common divisor of 144 and 108?
36
What is the greatest common divisor of 1 and 97?
1
What is the greatest common divisor of 156 and 78?
78
What is the greatest common divisor of 5072 and 48?
16
What is the highest common divisor of 2679 and 76?
19
Calculate the highest common divisor of 1067 and 55.
11
What is the greatest common factor of 10842 and 78?
78
What is the highest common divisor of 6 and 17?
1
What is the highest common divisor of 319 and 4611?
29
Calculate the greatest common divisor of 8 and 292.
4
Calculate the greatest common divisor of 1300 and 104.
52
Calculate the highest common factor of 60459 and 42.
21
Calculate the greatest common factor of 308 and 13321.
77
Calculate the highest common factor of 8 and 8.
8
What is the highest common divisor of 424 and 16?
8
Calculate the highest common factor of 8 and 136.
8
Calculate the greatest common factor of 1477 and 35.
7
Calculate the highest common factor of 7519 and 103.
103
Calculate the greatest common divisor of 4553 and 203.
29
Calculate the greatest common divisor of 207 and 5634.
9
What is the greatest common divisor of 290 and 232?
58
What is the highest common factor of 140 and 60?
20
What is the greatest common divisor of 240 and 4688?
16
What is the greatest common divisor of 45 and 95?
5
What is the highest common divisor of 45 and 1545?
15
Calculate the greatest common factor of 17 and 7463.
17
Calculate the greatest common factor of 1501 and 79.
79
Calculate the highest common factor of 13 and 1469.
13
What is the highest common divisor of 18 and 7146?
18
What is the highest common divisor of 9 and 792?
9
Calculate the greatest common factor of 753 and 3.
3
Calculate the greatest common divisor of 4 and 628.
4
Calculate the highest common factor of 45 and 7650.
45
What is the highest common divisor of 25 and 2600?
25
What is the greatest common factor of 21828 and 306?
102
Calculate the highest common factor of 756 and 3591.
189
Calculate the highest common divisor of 3280 and 240.
80
Calculate the greatest common factor of 154 and 112.
14
What is the greatest common factor of 175 and 25?
25
Calculate the greatest common factor of 5038 and 22.
22
Calculate the highest common factor of 120 and 165.
15
Calculate the highest common factor of 686 and 1246.
14
What is the highest common divisor of 12 and 15?
3
Calculate the highest common factor of 105 and 33.
3
What is the greatest common divisor of 20 and 560?
20
What is the highest common factor of 4070 and 220?
110
What is the greatest common divisor of 25641 and 666?
333
What is the greatest common divisor of 561 and 44?
11
Calculate the highest common factor of 3991 and 13.
13
Calculate the highest common factor of 368 and 128.
16
What is the greatest common divisor of 5301 and 9?
9
Calculate the highest common factor of 368 and 46.
46
What is the greatest common divisor of 899 and 29?
29
Calculate the greatest common factor of 19 and 2033.
19
What is the highest common factor of 1414 and 14?
14
Calculate the greatest common factor of 133 and 7049.
133
What is the highest common divisor of 5 and 10?
5
What is the highest common factor of 78 and 117?
39
What is the highest common factor of 434 and 341?
31
Calculate the greatest common divisor of 36 and 2232.
36
What is the highest common factor of 156 and 91?
13
Calculate the greatest common factor of 4977 and 1027.
79
What is the greatest common factor of 897 and 69?
69
Calculate the highest common divisor of 52 and 116.
4
What is the greatest common factor of 27588 and 48?
12
Calculate the greatest common divisor of 488 and 183.
61
What is the greatest common factor of 184 and 40?
8
What is the greatest common factor of 909 and 9?
9
Calculate the greatest common divisor of 1003 and 118.
59
What is the highest common divisor of 486 and 36?
18
What is the greatest common factor of 13446 and 36?
18
What is the greatest common factor of 3 and 9321?
3
What is the greatest common divisor of 11 and 8129?
11
Calculate the highest common divisor of 261 and 27.
9
What is the greatest common divisor of 91 and 1001?
91
Calculate the greatest common divisor of 54 and 138.
6
Calculate the highest common factor of 57 and 12274.
19
Calculate the greatest common divisor of 1224 and 1683.
153
Calculate the highest common factor of 13 and 1573.
13
Calculate the greatest common factor of 341 and 31.
31
What is the highest common factor of 32 and 208?
16
What is the greatest common factor of 220 and 20?
20
What is the greatest common divisor of 656 and 738?
82
Calculate the greatest common factor of 24751 and 53.
53
What is the greatest common factor of 63 and 1800?
9
Calculate the greatest common divisor of 5889 and 39.
39
Calculate the highest common divisor of 21 and 945.
21
What is the highest common divisor of 5198 and 368?
46
Calculate the highest common divisor of 1581 and 51.
51
Calculate the highes